4. Let m be f(-10). Suppose -5*z + 3*z = -m. What is the units digit of z?
3
Let r = 11 - 8. Let s be 0 + r + 1 + -1. Let x(v) = -v**3 + 4*v**2 + 2. What is the tens digit of x(s)?
1
Suppose 5*l = -0 + 20. Suppose -4*k + 2*r = -102, 0 = 7*k - 2*k - l*r - 132. What is the units digit of k?
4
Let g(q) = q**2 - 5*q + 1. Let t be g(5). Let d be t/(-3 - -2) + 18. Suppose -2*p = -3 - d. What is the units digit of p?
0
Let x(a) = 10*a**2 - 4*a - 11. What is the tens digit of x(6)?
2
Suppose 0*o = -3*o + 4*n + 19, o = -n + 4. Let r = 7 - o. Suppose 6*h - r*h = 8. What is the units digit of h?
2
Let v be -2*(-3)/(-24)*4. Let y = -16 + 28. Let a = y - v. What is the tens digit of a?
1
Let z be (-6)/(-15) - 466/(-10). Suppose 5*k = 3*w + z + 32, -26 = -k + 4*w. What is the tens digit of k?
1
Let m(t) = 34*t**2 + t + 2. Let f be m(2). Let h = f + -228. What is the tens digit of (-2)/(-9) - h/9?
1
Suppose 0 = 4*o - 3*o - 26. Let m = o + -18. What is the units digit of m?
8
Suppose -5*l - 115 - 222 = -2*b, 4*b - 629 = -5*l. What is the hundreds digit of b?
1
Let z(h) = -h**2 + 4*h + 5. Let b be z(4). Let p(i) = 0*i + 3*i + 0 - 2. What is the tens digit of p(b)?
1
Let k = -2 - -1. Let d = 7 + k. Suppose -15 - d = -3*g. What is the units digit of g?
7
Let z = 21 - 10. Let v be 35/z - 6/33. Suppose 9 + v = 4*q. What is the units digit of q?
3
Let i = 102 - 58. What is the units digit of i?
4
Suppose 0 = -5*g - 11 - 19. Let s = -5 - -8. What is the units digit of 0 + 5 + g/s?
3
What is the units digit of (0 - 2)/((-18)/261)?
9
Let a(r) = 2*r**3 - 4*r**2 - 4. Let f(m) = m**3 - 3*m**2 + 2*m - 3. Let z be f(3). What is the tens digit of a(z)?
1
Let g(y) = -y**2 + 7*y - 2. Suppose x - 3*i = 21, -4*i + 0*i + 4 = 4*x. What is the units digit of g(x)?
4
What is the units digit of 116/(2 - (4 + -4))?
8
Let v be (4/(-14))/((-1)/7). Let c be (-66)/(-1*(0 + v)). Let s = c + -17. What is the units digit of s?
6
Suppose -3*g + 0*g = 12. Let v = 19 + g. What is the units digit of v?
5
Let x(v) = -3*v**2 - 3*v - 3. Let b be x(-2). Let y(u) = -u**2 - 11*u - 3. What is the units digit of y(b)?
5
Suppose -5*r = -r + 20. Suppose -6 - 2 = 4*b. What is the units digit of (b - 0)*r + -3?
7
Let d = 29 - 21. Suppose 7*u - d*u = -22. What is the tens digit of u?
2
Suppose 3*w = 9 + 75. Let y be 1/(-3) - w/6. Let g(d) = -d**3 - 4*d**2 + 2*d - 3. What is the units digit of g(y)?
2
Let g = -9 - -13. Let v be 1/g - 196/16. What is the units digit of (4/v)/(2/(-18))?
3
Let r be 3*(-5)/(15/(-2)). Suppose 2*x = -4*y + x + 181, -r*y + 83 = -x. Suppose -4*h + y = 4. What is the tens digit of h?
1
Let s = 64 + -44. Suppose 2*v + s = 7*v. Suppose -a + v*a = 24. What is the units digit of a?
8
Let q = 0 - -6. What is the units digit of q + (-1 + 2)*1?
7
Suppose 0*l - 3*l - 4*w = -10, 5*l - 5 = 5*w. Suppose l*o = 3*o, -5*y = -5*o + 5. What is the units digit of (y/1)/((-6)/6)?
1
Let a(w) = -w**3 - 11*w**2 - 10*w + 7. Let c(k) = k - 22. Let p be c(12). What is the units digit of a(p)?
7
Let h(g) = 2*g + 2. Let c be h(-6). Let p = c + 14. Suppose n + 2*j - p = 0, 0 = 4*n - 0*j + 2*j - 34. What is the units digit of n?
0
What is the tens digit of 27 + 1/2*-8?
2
Let i be (-1)/3 + 7/3. Let q(m) = m**3 + 9*m**2 + 9*m + 8. Let k be q(-8). Suppose k = -j - i*j + 15. What is the units digit of j?
5
Let q(h) = h**3 - 6*h**2 + 4*h + 7. Let k be q(5). Suppose 5 - k = j. Suppose 0 = -2*w + j*w - 7. What is the units digit of w?
7
Suppose x - 4 = -3. Let l = x - 0. Let t = 4 - l. What is the units digit of t?
3
Suppose 10*q = 2*q + 504. What is the units digit of q?
3
Suppose 5*d + 385 = 5*g, -3*g - 3*d = -2*g - 73. Suppose 18*z - g = 16*z. What is the units digit of z?
8
Suppose 0 = -4*u + 99 + 333. What is the hundreds digit of u?
1
Suppose -s + 253 = 3*h, 8*s = 9*s + h - 263. What is the hundreds digit of s?
2
Let q = 15 + -11. Suppose -v = -u - 8, q*u = 4*v + v - 43. What is the units digit of v?
1
Let u(d) = d + 7. Let g be u(-4). Suppose g*t - 8 = -t. What is the units digit of t?
2
Suppose -5*u - z - z = 10, -4 = 2*u - 4*z. Let h(y) = 9*y**2 + 2*y - 1. What is the units digit of h(u)?
1
Suppose 4*w - 478 = 590. What is the units digit of w?
7
Let p(o) = -o**3 + 5*o**2 - 3*o - 3. Let x be p(3). Suppose -2*l = -3*l + x. What is the units digit of l?
6
Let m be (-9)/6*2*-3. Let i = -16 + m. Let w = i + 18. What is the tens digit of w?
1
Let l = 15 + -6. What is the units digit of l?
9
Let v(p) = -17*p - 17. Let m(q) = -11*q - 11. Let g(w) = -w**3 + 4*w**2 + 3*w - 4. Let s be g(4). Let j(c) = s*m(c) - 5*v(c). What is the units digit of j(-7)?
8
Let x = 203 + 1. What is the units digit of x?
4
Let v(j) be the second derivative of j**3/6 - 3*j**2/2 - 2*j. What is the units digit of v(9)?
6
Let h(b) = -4*b**3 + 2*b**2 + 6*b + 2. What is the hundreds digit of h(-3)?
1
Let s be (-5)/2*(-16)/20. Suppose -7 = -s*g + 19. What is the tens digit of g?
1
Let n = -7 + 11. Suppose 50 - n = 2*t - 4*s, 0 = 5*t - s - 70. What is the units digit of t?
3
Let d(w) be the third derivative of -w**6/120 + 2*w**5/15 - w**4/3 - w**3/6 + 6*w**2. What is the units digit of d(6)?
3
Let g be 3 + -1 + (0 - 2). Suppose 0 = 4*l - 2*m - 50, -3*l - 2*m + 41 = -g*m. Suppose j = -5*f - 18, j + l = -0*j - 4*f. What is the units digit of j?
7
Suppose -3*s + s + 33 = 3*l, 0 = -4*s + l + 87. What is the units digit of s?
1
Let k(h) = 4*h + 4. What is the units digit of k(5)?
4
What is the tens digit of (-4085)/(-45) - 2/(-9)?
9
Let s = -5 - -20. Let i be -1 - 11 - 1/(-1). Let m = s + i. What is the units digit of m?
4
Suppose 2*h = -20 + 64. What is the units digit of h?
2
Let x(h) = 2*h**2 - h + 1. Suppose 3*y + 9 = -5*o, 2*y - o + 6 = -0. What is the units digit of x(y)?
2
Let b(v) = v**3 + 12*v**2 + 3*v - 10. What is the tens digit of b(-8)?
2
Let n = -2 + 5. Suppose -2*k = -k + 2*j - 18, -j = n*k - 39. What is the tens digit of k?
1
What is the hundreds digit of -2 + 0 - (3 + -4)*186?
1
Let c be (-3)/((-3)/4) - 0 - 8. Let q(g) be the third derivative of g**6/120 + g**5/15 - g**4/6 - 5*g**3/6 + g**2. What is the units digit of q(c)?
1
Suppose -9 = -4*g + 19. Suppose 3*v - 1 = g*o - 2*o, -5*o - 2*v = -9. What is the units digit of -2 - (-16 + 2 + o)?
1
Let z(y) = -y - 10. Let s be z(-8). Let t be 4*(1 - (2 + s)). What is the tens digit of t/(-6)*3 + 16?
1
What is the units digit of (12 + 4)/(6/(-4) + 2)?
2
Let h = 16 + -9. Let z = h - -1. What is the units digit of z?
8
Let k(a) = 7*a. Let n be k(1). Suppose 3*q + 0*q - n = -c, q + c - 1 = 0. Suppose u + 8 = 3*s - 10, -4*s - q*u = -24. What is the units digit of s?
6
Let t(s) = 15*s + 3. What is the units digit of t(2)?
3
Let h(u) = -4*u**3 - 2*u**2 - 3*u - 1. Suppose a + 2 = -0. What is the units digit of h(a)?
9
Suppose 2*c - 130 = -4*l, 0 = -l + 2*l + 5*c - 37. What is the units digit of l?
2
Suppose -2*g - 2 = -g, 5*z = -2*g + 36. Let x(o) = z*o**2 + 4*o**2 + o**2 - 3 + 2 + 2*o. What is the tens digit of x(1)?
1
Suppose -5*v + 2*v = -60. What is the tens digit of v?
2
Let p(t) be the second derivative of -t**3 - 5*t**2/2 - 6*t. What is the tens digit of p(-7)?
3
Let v(d) be the third derivative of d**6/24 + d**5/60 - 2*d**2. Let k be v(-1). What is the units digit of (1 - k)*(-48)/(-15)?
6
Suppose -16 = -3*i + 14. What is the units digit of i?
0
Let t be ((-1)/2)/(3/(-30)). Suppose -t*i = -i + 24. Let y = 5 - i. What is the units digit of y?
1
Suppose -2*k + r = -3*k + 9, 2*k + 3*r = 22. Let i = k + 13. What is the units digit of i?
8
What is the units digit of (14/(-35))/(2/(-3780)*2)?
8
Let r = -30 - -65. What is the units digit of r?
5
Suppose 5*a - 268 = -3*j, -5*j + 2*a = -2*a - 459. What is the tens digit of j?
9
Suppose 90 = 5*q - 5*k, 0*q = -2*q + 4*k + 40. Let m = q - 8. Let s(b) = b**3 - 9*b**2 + 10*b - 10. What is the units digit of s(m)?
6
What is the units digit of 9*(-4)/15*(-110)/4?
6
Let t(h) = h**3 - 8*h**2 + 2*h - 8. Let k be t(8). Suppose -4*r = -k, -2*f + 2*r + 3*r + 14 = 0. What is the tens digit of f?
1
Let u be (-70)/(-3) - 2/6. Suppose 0 = 3*p + 2*m - 39, 2*p - m - 10 = u. What is the units digit of p?
5
Let l be 46/14 - (-4)/(-14). Suppose l*w = -w + 8. Suppose x - w - 2 = 0. What is the units digit of x?
4
Let c(v) = v**2 - 3*v. Let d be c(4). Suppose -3*x = -d